-25b?
b57
In base 4, what is -323023101033 - 10?
-323023101103
In base 2, what is 10000111101 + -1100011?
1111011010
In base 13, what is 20b537 + -1?
20b536
In base 6, what is -35 + 3250?
3211
In base 4, what is 12033 + 2030200?
2102233
In base 10, what is -90 + -864?
-954
In base 13, what is 7cc1 + -c?
7cb2
In base 9, what is -2673437 - 3?
-2673441
In base 16, what is -8b - -3aa?
31f
In base 16, what is 0 - 22b76?
-22b76
In base 16, what is 100be9 + -4?
100be5
In base 3, what is -102211010 + 11?
-102210222
In base 9, what is 185103 - 3?
185100
In base 14, what is -2 + -8bc5?
-8bc7
In base 13, what is 0 + 40341?
40341
In base 6, what is -4232151 - 5?
-4232200
In base 6, what is 104 - 34?
30
In base 12, what is -18617 - 9?
-18624
In base 8, what is -3 - -641306?
641303
In base 5, what is 31 + -30230?
-30144
In base 15, what is 2e + a4bc?
a4eb
In base 4, what is 11311120 + 1?
11311121
In base 11, what is -28341 - 14?
-28355
In base 5, what is -402 - -332233?
331331
In base 6, what is -352 + 2552?
2200
In base 4, what is 1230 - 10213112?
-10211222
In base 4, what is 0 - 100211131?
-100211131
In base 7, what is -56122 + -131?
-56253
In base 9, what is 381 - -722?
1213
In base 3, what is 10222 - 101002200?
-100221201
In base 13, what is -2a + -c0b9?
-c116
In base 3, what is -1121212010011 + 1?
-1121212010010
In base 5, what is -111413220 + 1?
-111413214
In base 5, what is -3 + -22011?
-22014
In base 6, what is 50344 + -414?
45530
In base 7, what is -4 + 5333251?
5333244
In base 3, what is -10 + 1002120100011?
1002120100001
In base 5, what is -4 - 204134?
-204143
In base 15, what is 17 - -3cc?
3e4
In base 8, what is 157 + -64620?
-64441
In base 3, what is -1111120 + -1220120?
-10102010
In base 6, what is 3541 + -12441?
-4500
In base 4, what is 11 + -331300332?
-331300321
In base 3, what is -1 + -221200011?
-221200012
In base 11, what is 13 + 260458?
260470
In base 16, what is 48 - 14d?
-105
In base 4, what is 2322030301 + 2?
2322030303
In base 8, what is 5 - -372?
377
In base 14, what is -34571 + -1?
-34572
In base 5, what is -3 - 212321?
-212324
In base 16, what is 5cd6 - a?
5ccc
In base 9, what is -7 - -15323?
15315
In base 3, what is 1020 + 20121111?
20122201
In base 11, what is -15168 - -3?
-15165
In base 6, what is -5022222 + -12?
-5022234
In base 16, what is -136 - a2?
-1d8
In base 5, what is -401014 - 10?
-401024
In base 2, what is -1110001001101011110 + -1?
-1110001001101011111
In base 5, what is -1 - -24414432?
24414431
In base 11, what is -4801 - 7?
-4808
In base 14, what is -2a + -b1ab?
-b1d7
In base 10, what is 80 + -4551?
-4471
In base 3, what is 0 - -1211102011?
1211102011
In base 7, what is -4 + -300040?
-300044
In base 4, what is 31233332 - 10?
31233322
In base 7, what is 6526263 + 4?
6526300
In base 14, what is -418bd - 8?
-418c7
In base 7, what is 2 - -36134?
36136
In base 12, what is 298 - a?
28a
In base 6, what is -5433 - -4001?
-1432
In base 16, what is -1dd9e - -4?
-1dd9a
In base 2, what is 1000000001001 + 1011011010?
1001011100011
In base 7, what is 5 - -113416?
113424
In base 6, what is 14 + 25022?
25040
In base 15, what is 0 - 1a64?
-1a64
In base 16, what is e7 + -225?
-13e
In base 3, what is -10 + -1211202202?
-1211202212
In base 16, what is 2c5dd - 1?
2c5dc
In base 5, what is 4141234 + 1?
4141240
In base 13, what is 2291 - 121?
2170
In base 15, what is 1c - -23?
40
In base 8, what is 5 + 1446654?
1446661
In base 6, what is -31111 - -20?
-31051
In base 10, what is -37 - -6579?
6542
In base 10, what is -39 - 4237?
-4276
In base 8, what is -10 - 44063?
-44073
In base 13, what is 2a + -19357?
-1932a
In base 14, what is 1 + -5a7b0?
-5a7ad
In base 16, what is -5e0 - -30?
-5b0
In base 16, what is -4 - 14e37?
-14e3b
In base 10, what is -4 - -59548?
59544
In base 9, what is -8 + 5048?
5040
In base 16, what is -866609 + -4?
-86660d
In base 14, what is 62b7 + -9?
62ac
In base 12, what is 1 + -43b46?
-43b45
In base 8, what is 274305 + 2?
274307
In base 6, what is 5 - -120500?
120505
In base 8, what is 11 + -135167?
-135156
In base 7, what is 55 - -242312?
242400
In base 9, what is -1451185 + -2?
-1451187
In base 13, what is -669cc7 - -3?
-669cc4
In base 6, what is 511310 - -202?
511512
In base 2, what is -110101 - 10110110010?
-10111100111
In base 16, what is -2ee9d6 - -5?
-2ee9d1
In base 8, what is 75 + 66707?
67004
In base 13, what is 869a - 3?
8697
In base 9, what is -20864 + -122?
-21086
In base 5, what is -4 - -330004?
330000
In base 11, what is -132a58 + -2?
-132a5a
In base 14, what is -4 + -546?
-54a
In base 2, what is -10100111110100 + 11?
-10100111110001
In base 13, what is 1b9ac0 + 5?
1b9ac5
In base 2, what is 1001111100001 - 11111111?
1001011100010
In base 2, what is -1010001101000110 - 10?
-1010001101001000
In base 11, what is -3 - -572a2?
5729a
In base 2, what is 11 - -110001110?
110010001
In base 16, what is 25 - d803?
-d7de
In base 14, what is 144d4 + -2?
144d2
In base 12, what is 3b5 - 8?
3a9
In base 3, what is 122121220020 - 12?
122121220001
In base 8, what is 130754 - -35?
131011
In base 10, what is 4 + 16498?
16502
In base 7, what is 0 - -1255151?
1255151
In base 13, what is -12763a + -3?
-127640
In base 11, what is 7866 - 2?
7864
In base 3, what is 110000 - 1002011121?
-1001201121
In base 3, what is 21121202 + 1?
21121210
In base 7, what is 21 - -20156?
20210
In base 3, what is -110221 + 11012?
-22202
In base 15, what is 10 - -289b?
28ab
In base 10, what is 6 + -124586?
-124580
In base 15, what is 14a0 - -82?
1532
In base 9, what is -1705 + 40?
-1655
In base 4, what is -2 + -1312002?
-1312010
In base 7, what is 1161 + -524?
334
In base 3, what is 211102202210 + 11?
211102202221
In base 10, what is -29 - -34763?
34734
In base 9, what is -25482 - -4?
-25477
In base 10, what is 7628 - -294?
7922
In base 9, what is 3 + 64404?
64407
In base 8, what is -105 + -2243?
-2350
In base 3, what is 21001210021 + 2?
21001210100
In base 7, what is 1661663 + -4?
1661656
In base 12, what is -14a - -207?
79
In base 10, what is -260 - 6494?
-6754
In base 11, what is -959 + -691?
-153a
In base 16, what is 4d24 + 3?
4d27
In base 10, what is 206385 + -5?
206380
In base 11, what is -65753 + 5?
-65749
In base 2, what is -11010 + -100001101011100000?
-100001101011111010
In base 6, what is 10 - 5254?
-5244
In base 9, what is -50 + 6653?
6603
In base 13, what is 0 - 60452?
-60452
In base 12, what is 14 + -191b?
-1907
In base 2, what is -100001011101010101 + -1000?
-100001011101011101
In base 2, what is -1110011110011111 - 0?
-1110011110011111
In base 5, what is -133312 + 40?
-133222
In base 8, what is -170641 - 3?
-170644
In base 15, what is -39 + -a212?
-a24b
In base 12, what is -198 + -6b19?
-70b5
In base 14, what is 5 - -11823?
11828
In base 11, what is -26 + -502?
-528
In base 9, what is 58 - -55772?
55841
In base 10, what is -3 + 162069?
162066
In base 4, what is 10 + 200320?
200330
In base 6, what is 5202 + -102?
5100
In base 4, what is 1201010303 - 22?
1201010221
In base 6, what is 1135 - -111520?
113055
In base 11, what is -259 - -192a?
1681
In base 10, what is 198 - 775?
-577
In base 10, what is -3 + -1222837?
-1222840
In base 5, what is -413 + -331?
-1244
In base 12, what is -b + b7124?
b7115
In base 15, what is 13c8 + 16?
13de
In base 13, what is 3b0 - -78?
458
In base 11, what is 1a7 + 121a7?
123a3
In base 5, what is 1141011 - 20?
1140441
In base 14, what is 41 + -62b?
-5ca
In base 4, what is 1 - 2112031?
-2112030
In base 4, what is -201100201 + 0?
-201100201
In base 9, what is -5 + 14612?
14606
In base 10, what is 9927 - -130?
10057
In base 4, what is -12133123 - 30?
-12133213
In base 4, what is -12230011 + 223?
-12223122
In base 3, what is 100100021220001 - 12?
100100021212212
In base 6, what is 5 - -153435?
153444
In base 11, what is -5510 - 15?
-5525
In base 9, what is 1160 + -167?
882
In base 7, what is 52441 - 1?
52440
In base 16, what is -2 + 2ea6?
2ea4
In base 8, what is 30752 + 4?
30756
In base 14, what is -c3b6 + -2?
-c3b8
In base 13, what is -1130 + -156?
-1286
In base 13, what is -1822 - -47?
-17a8
In base 9, what is -204615 - -2?
-204613
In base 4, what is 23022 - 10202?
12220
In base 4, what is 110 - 233313?
-233203
In base 14, what is 46 + 1073?
10b9
In base 6, what is -55514 - 3?
-55521
In base 8, what is 370 